54879?
3, 889718293
List the prime factors of 2337791570.
2, 5, 809, 288973
List the prime factors of 181432774.
2, 90716387
What are the prime factors of 173447638?
2, 7, 13, 37, 43, 599
What are the prime factors of 22738707?
3, 17, 331, 449
What are the prime factors of 2041750901?
2041750901
What are the prime factors of 157216671?
3, 433, 40343
List the prime factors of 156973371.
3, 52324457
List the prime factors of 8973156642.
2, 3, 73, 109, 187951
List the prime factors of 418247714.
2, 209123857
List the prime factors of 191872035.
3, 5, 4263823
List the prime factors of 119390715.
3, 5, 53, 113, 443
List the prime factors of 107045734.
2, 19, 263, 10711
List the prime factors of 46201974.
2, 3, 7, 13, 37, 2287
List the prime factors of 115316878.
2, 57658439
What are the prime factors of 44289640?
2, 5, 193, 5737
What are the prime factors of 2356311818?
2, 7, 47, 3581021
List the prime factors of 990106276.
2, 247526569
What are the prime factors of 14270248?
2, 1783781
What are the prime factors of 410937233?
7, 83, 707293
What are the prime factors of 354660345?
3, 5, 13, 23, 43, 613
List the prime factors of 533815236.
2, 3, 89, 166609
What are the prime factors of 4558357826?
2, 11, 8677, 23879
What are the prime factors of 1330504889?
7, 3879023
What are the prime factors of 326864121?
3, 108954707
List the prime factors of 58590659.
58590659
List the prime factors of 392222739.
3, 130740913
List the prime factors of 273659865.
3, 5, 23, 271, 2927
List the prime factors of 279194195.
5, 7, 53, 59, 2551
What are the prime factors of 32580527?
7, 41, 61, 1861
What are the prime factors of 1329097532?
2, 7, 5309, 8941
What are the prime factors of 49111125?
3, 5, 7, 53, 353
List the prime factors of 241302905.
5, 53, 910577
What are the prime factors of 2098745663?
7, 31, 9671639
What are the prime factors of 559072569?
3, 11, 23, 31, 23761
List the prime factors of 486096141.
3, 1091, 148517
What are the prime factors of 1347704419?
1347704419
List the prime factors of 144008190.
2, 3, 5, 17, 61, 1543
List the prime factors of 31466859.
3, 10488953
What are the prime factors of 314820571?
13, 677, 35771
What are the prime factors of 56600752?
2, 13, 17, 16007
What are the prime factors of 625221120?
2, 3, 5, 81409
What are the prime factors of 2482110019?
593, 4185683
List the prime factors of 217086912.
2, 3, 7, 131, 137
What are the prime factors of 3689874247?
29, 37, 43, 79973
List the prime factors of 373110136.
2, 7, 67, 277, 359
List the prime factors of 206259655.
5, 7, 569, 10357
What are the prime factors of 17078079?
3, 5692693
List the prime factors of 112778160.
2, 3, 5, 11, 42719
List the prime factors of 1487359058.
2, 4861, 152989
What are the prime factors of 1064623320?
2, 3, 5, 47, 62921
List the prime factors of 156859201.
156859201
What are the prime factors of 854967713?
854967713
List the prime factors of 285120827.
373, 764399
What are the prime factors of 294643262?
2, 147321631
List the prime factors of 274607997.
3, 91535999
What are the prime factors of 2695218405?
3, 5, 11, 16334657
List the prime factors of 2119696714.
2, 17, 113, 551717
List the prime factors of 1583426257.
7, 17, 13306103
What are the prime factors of 952726931?
13, 73286687
What are the prime factors of 4201535473?
109, 4783, 8059
List the prime factors of 578773236.
2, 3, 167, 337, 857
List the prime factors of 67303730.
2, 5, 13, 517721
What are the prime factors of 599564446?
2, 13, 3967, 5813
What are the prime factors of 1346696?
2, 13, 23, 563
List the prime factors of 42930768.
2, 3, 894391
List the prime factors of 1524377496.
2, 3, 463, 137183
List the prime factors of 1035316805.
5, 43, 643, 7489
List the prime factors of 90105275.
5, 13, 277247
What are the prime factors of 20700035?
5, 283, 14629
What are the prime factors of 578691450?
2, 3, 5, 1285981
List the prime factors of 505351491.
3, 31, 5433887
What are the prime factors of 103304875?
5, 487, 1697
What are the prime factors of 1070513220?
2, 3, 5, 7, 601, 4241
What are the prime factors of 1665576814?
2, 11, 2131, 35527
What are the prime factors of 91595677?
17, 193, 27917
What are the prime factors of 172051877?
172051877
List the prime factors of 124430570.
2, 5, 11, 239, 4733
List the prime factors of 70296932.
2, 1201, 14633
List the prime factors of 343119114.
2, 3, 13, 463, 3167
List the prime factors of 7384396.
2, 1846099
What are the prime factors of 670142186?
2, 7, 43, 1113193
What are the prime factors of 361820610?
2, 3, 5, 19, 457, 463
List the prime factors of 107920280.
2, 5, 13, 73, 2843
List the prime factors of 74114700.
2, 3, 5, 11, 37, 607
What are the prime factors of 385654025?
5, 373, 41357
List the prime factors of 99753543.
3, 103, 107609
List the prime factors of 71584503.
3, 53, 450217
What are the prime factors of 1837110335?
5, 73, 5033179
List the prime factors of 2887170127.
449, 6430223
What are the prime factors of 161351689?
71, 2272559
List the prime factors of 33867876.
2, 3, 7, 17, 37, 641
List the prime factors of 3100083127.
17, 182357831
List the prime factors of 171311347.
173, 990239
What are the prime factors of 673483986?
2, 3, 7, 181, 29531
What are the prime factors of 29311746?
2, 3, 307, 15913
List the prime factors of 85658051.
1109, 77239
List the prime factors of 918020842.
2, 17, 61, 442633
What are the prime factors of 133865397?
3, 67, 221999
List the prime factors of 5382941944.
2, 672867743
List the prime factors of 73005135.
3, 5, 7, 173, 4019
What are the prime factors of 3057940396?
2, 7, 109212157
What are the prime factors of 1270580634?
2, 3, 1153, 20407
List the prime factors of 2476943207.
37, 66944411
List the prime factors of 462683260.
2, 5, 13, 349, 5099
What are the prime factors of 39595107?
3, 19, 694651
What are the prime factors of 1574110216?
2, 7, 28109111
What are the prime factors of 1261818781?
59, 21386759
List the prime factors of 16809011.
16809011
What are the prime factors of 16769093?
11, 23, 79, 839
List the prime factors of 741443747.
11, 2521, 26737
List the prime factors of 155952390.
2, 3, 5, 11, 17, 27799
What are the prime factors of 1143558229?
11, 23, 4519993
What are the prime factors of 228699753?
3, 59, 1292089
What are the prime factors of 949324979?
20353, 46643
List the prime factors of 50752946.
2, 4091, 6203
What are the prime factors of 388811425?
5, 83, 187379
List the prime factors of 82562324.
2, 13, 1587737
What are the prime factors of 1228869241?
1228869241
List the prime factors of 1376515358.
2, 5849, 117671
List the prime factors of 326836776.
2, 3, 7, 1945457
List the prime factors of 877307089.
3457, 253777
What are the prime factors of 25294467?
3, 11, 29, 26431
What are the prime factors of 1899956054?
2, 29, 32757863
What are the prime factors of 990063194?
2, 6907, 71671
What are the prime factors of 1091143224?
2, 3, 53, 31771
List the prime factors of 781510942.
2, 390755471
List the prime factors of 1008488646.
2, 3, 11, 139, 36643
What are the prime factors of 140662644?
2, 3, 29, 71, 5693
List the prime factors of 21088469.
21088469
List the prime factors of 621739166.
2, 19, 16361557
List the prime factors of 415390922.
2, 43, 4830127
What are the prime factors of 40148825?
5, 53, 157, 193
What are the prime factors of 22073785?
5, 29, 41, 47, 79
List the prime factors of 33188667.
3, 37, 8081
What are the prime factors of 325767433?
325767433
What are the prime factors of 31148550?
2, 3, 5, 7691
What are the prime factors of 299499950?
2, 5, 5989999
List the prime factors of 26214684.
2, 3, 2184557
List the prime factors of 502394616.
2, 3, 2325901
List the prime factors of 185821576.
2, 43, 540179
List the prime factors of 1798042237.
1798042237
List the prime factors of 1701340665.
3, 5, 137, 827903
List the prime factors of 81793044.
2, 3, 757343
List the prime factors of 418928419.
7, 13, 61, 163, 463
List the prime factors of 1369963250.
2, 5, 5479853
List the prime factors of 30041746.
2, 7, 2145839
What are the prime factors of 1717570894?
2, 13, 17, 53, 157, 467
List the prime factors of 97639839.
3, 11, 29, 71, 479
What are the prime factors of 848111488?
2, 7, 157, 6029
List the prime factors of 14922431.
2767, 5393
Lis